pose 3*l - 7*l + 16 = 4*c, -5*l + 8 = c. Let u = l - 63. Let w = -42 - u. List the prime factors of w.
2, 5
Suppose 5*m - 271 = 109. Let k = 106 - m. What are the prime factors of k?
2, 3, 5
Let f(y) = 761*y**2 - 2*y - 2. List the prime factors of f(-2).
2, 1523
Let m = 261 - 139. What are the prime factors of 2 - ((3 + -3)/4 - m)?
2, 31
Suppose -4*c + 2*f - f = -10026, 0 = 4*f - 8. What are the prime factors of c?
23, 109
Suppose -17 = 2*t - 4*y + 5, 3*t - 3*y = -24. Let x(f) = -f**3 - 6*f**2 - 5*f. Let u be x(t). Suppose -2*p + 7 + 67 = u. List the prime factors of p.
37
Let w be ((-4)/(-2))/(1312/220 + -6). Let m be (-3)/(-18) + 1527/18. Let u = w + m. List the prime factors of u.
2, 3, 5
What are the prime factors of (-3)/2*(13109/(-3) - 21)?
2, 37, 89
Suppose -7*b - 24 = -11*b. Suppose 3*q = b*q. Suppose q*u = -2*u + 62. List the prime factors of u.
31
Let k be -4*(15/2)/(-5). Let s(o) = -o**2 - 3*o + 2. Let f be s(-4). What are the prime factors of k/7*(9 + f)?
2, 3
Suppose 4*u - u - 123 = 0. Suppose 4*g - 47 - u = -4*l, -4*l + 112 = 5*g. Suppose -m - g = -2*m. List the prime factors of m.
2, 3
Let x = 175 + -31. Suppose -5*w = -t - x + 34, -t = -3*w + 64. List the prime factors of w.
23
Let g(k) = -k**2 - 110. Let t be g(0). Let y = 270 + t. Suppose -10*s = -5*s - y. List the prime factors of s.
2
Suppose 117*b + 4*f - 23565 = 112*b, 4*f - 18848 = -4*b. List the prime factors of b.
53, 89
Let i be (-1)/1 - (1 + -2). Suppose -5*m - 5 = 0, i = -f - 5*m + 1 - 3. What are the prime factors of 30 + -1 + (1 - f)?
3
Suppose -170 = 8*l + 22. Let h = -55 - l. Let p = 40 + h. List the prime factors of p.
3
Let v be 4/6 + 224/42. Let y be 202/3*v/2. Let q = y + -128. What are the prime factors of q?
2, 37
Suppose -4*t + 5*p + 2632 = 0, -2 = -2*p - 10. List the prime factors of t.
653
Let k be 232/6*(-10 + 4). Let j = k - -461. Suppose 0 = -7*i + 184 + j. List the prime factors of i.
59
What are the prime factors of (1446/(-56) + (-6)/14)*-4?
3, 5, 7
Let u(t) = -t**3 - 6*t**2 + 6*t. Let h = 35 - 43. List the prime factors of u(h).
2, 5
Suppose -2*q + 4*q - 26 = 2*f, -3*q - 2*f = -34. Suppose -q*l = -21*l + 171. What are the prime factors of l?
19
Suppose -9*x + 779 = -3424. What are the prime factors of x?
467
Let o be -6*(1/1 + 147/(-2)). Suppose -3*q - 5*v = -242, -v - v = 5*q - o. List the prime factors of q.
89
Let x(i) be the third derivative of -i**4/12 + 8*i**3/3 - 5*i**2. Let s be x(7). Suppose 2 = -s*v + 72. What are the prime factors of v?
5, 7
Suppose 4*b - 124 - 132 = 0. Suppose 0 = 5*m - 238 - 357. Let x = m - b. What are the prime factors of x?
5, 11
Let p(j) = -79*j**3 - 2*j**2 + 4*j + 4. What are the prime factors of p(-2)?
2, 5, 31
Let c(i) = 3*i**2 - i + 2. Let h be c(-2). Suppose 0 = -3*r - h - 8. What are the prime factors of ((-2)/4)/(r/368)?
23
Let s = 4 - 1. Let b be (-1)/(-7) - 9922/(-77). Suppose b = s*y - 27. List the prime factors of y.
2, 13
Suppose 4*x + 49725 = 55*x. List the prime factors of x.
3, 5, 13
Let a(s) = s**3 + 29*s**2 - 42*s + 4. List the prime factors of a(-28).
2, 491
Suppose -21*r + 17299 = -10820. What are the prime factors of r?
13, 103
Suppose -137 = -5*b + 4*b. Let j = b - -12. Let l = j - 93. What are the prime factors of l?
2, 7
Suppose -4*y + 2*d + 1 = 3, 4*d - 20 = 0. Suppose 2 = y*i - 6*u + 4*u, -5*u = -5. Suppose i*z = -z + 198. List the prime factors of z.
2, 3, 11
Let c = -1 + -159. Let u = -28 - c. List the prime factors of u.
2, 3, 11
Suppose 14595 = -1051*u + 1058*u. List the prime factors of u.
3, 5, 139
Suppose s = -2*p - 2, -p + 2*p = -3*s - 1. Suppose 5*z = -s*z + 2090. What are the prime factors of 12/42 - z/(-7)?
2, 3, 5
Let t = 1041 + -2031. What are the prime factors of t/(-4) + (-11)/(-22)?
2, 31
Let k(y) = y**2 - 11*y - 2. Let z be k(6). Let s be (-4)/(z/468)*2. What are the prime factors of s/6*4/3?
2, 13
Suppose 2*b = 5*t + 4*b - 2445, -5*b + 2430 = 5*t. List the prime factors of t.
491
Let m be ((-54)/(-7) + -2)/(22/77). List the prime factors of (-6)/10 + 3972/m.
2, 3, 11
Let s(d) = d**2 + 65*d - 11. List the prime factors of s(16).
5, 257
What are the prime factors of -7*(-5)/35 + 624?
5
Let t = 40 + 178. Let y be -1 + 4/((-8)/t). What are the prime factors of y/(-8) + (-9)/12?
13
Let v(y) = 17*y + 8. Let t be v(11). Let q = t - 116. Suppose 2*h + 2*h = -3*w + q, 2*h = 3*w + 17. List the prime factors of h.
2
List the prime factors of 20904/20 + 8/(-40).
5, 11, 19
What are the prime factors of ((-5)/7)/5 + (-1898)/(-7)?
271
Let h = -91 - -271. Let p = -55 + h. List the prime factors of p.
5
Let q(w) = 3*w**3 + 8*w**2 - 17*w - 12. Let t be q(-7). List the prime factors of 4 - (-4)/((-8)/t).
269
Let y(d) = d**2 + 26*d + 68. Let t be y(-24). Let u = 9 - 0. Suppose z = t + u. List the prime factors of z.
29
Let q be ((-1)/(-4))/(5/100). Suppose q*p = c - 39, -4*p - 90 = -5*c + 42. Suppose -90 = -4*o + s, s - 1 = -o + c. List the prime factors of o.
23
Suppose -5*j = 5*y - 14610, -14618 = -5*j + 14*y - 11*y. What are the prime factors of j?
37, 79
Suppose o = -5*t + 724, -2*t = o - 757 + 30. List the prime factors of o.
3
Let p be (-24)/(3 - 6) + -3. Suppose 0 = 5*w + p. List the prime factors of (-9)/(-2 - w/1).
3
Let i(m) = -m**3 + 2*m + 3. Let j be i(0). Let w(s) = 77*s + 2. Let f be w(2). Suppose 0 = o + j*o - f. What are the prime factors of o?
3, 13
Let g(t) = -10*t**3 - 103*t**2 - 7*t - 18. List the prime factors of g(-12).
2, 3, 419
Let u(i) = i**2 + 7*i - 13. Let r be u(-9). Suppose 0 = h + 1, 176 = 6*w - r*w + 4*h. What are the prime factors of w?
2, 3, 5
Let v be 4 - (-4 + (-3 - -9)). Suppose 4*n - 130 = v*n. What are the prime factors of n?
5, 13
Let g = -185 + 438. Suppose -2*d - 13 + g = 0. What are the prime factors of d?
2, 3, 5
Suppose 82 = q - 878. What are the prime factors of q?
2, 3, 5
Let h = -582 - -702. List the prime factors of h.
2, 3, 5
Let u be (-2)/4 + 38/(-4). List the prime factors of -2*-61*(-5)/u.
61
Suppose -d - 3 = 3*y - 18, -5*y = 5*d - 35. Let h be d + -7 - (-8)/2. List the prime factors of 3/(h + (-2)/(-12)).
2, 3
Let n(q) = -2833*q**3 - 3*q**2 + q + 2. List the prime factors of n(-1).
19, 149
Suppose -c = -0*c - 42. Suppose 40 = 4*g + 2*v + 2*v, 0 = -5*g + 5*v + 10. Suppose -g*t + 30 + c = 0. List the prime factors of t.
2, 3
Let n(x) = -5*x - 12. Let j be n(-7). Suppose -j = -2*p + 85. What are the prime factors of p?
2, 3
Let x(f) = f + 11. Let k be x(-8). Suppose -2*d + n = -3*d + 53, 157 = k*d + 5*n. What are the prime factors of d?
2, 3
Let o(c) = c**3 - 20*c**2 - 37*c - 29. What are the prime factors of o(23)?
7, 101
Let t = 595 - 458. List the prime factors of t.
137
Suppose 30 = -3*b + 162. Let h = b + -31. What are the prime factors of h?
13
Suppose 7*v - 4*v = 15. Suppose 0 = -4*y - 5*m + 296, -v*y + 4*m = 2*m - 403. List the prime factors of y.
79
Let m(i) = -i**3 - 4*i**2 - 8*i + 31. What are the prime factors of m(-9)?
2, 127
Let w(d) = 6*d - 2*d - 15 - 1. List the prime factors of w(11).
2, 7
Let d(k) = k**3 - 7*k**2 - 6*k - 14. Let x be d(8). Suppose 3*r - 165 = -x*r. What are the prime factors of r?
3, 11
Let m be -204*(2/(-6) + 1). Let q = m - -81. Let d = 15 - q. What are the prime factors of d?
2, 5, 7
What are the prime factors of 224 + ((-11)/33)/(2/(-12))?
2, 113
Let v(n) = -2 - 3 + 16*n**2 + 4*n + 0*n + 1. List the prime factors of v(2).
2, 17
Let q be 2*(-1 + 21/(-6)). Let j = -7 - q. List the prime factors of 20/(-1 + 0 + j).
2, 5
Let t(z) = 2*z**3 + 8*z + 1 + 22*z**2 - 30*z**2 - z**3 + 8. Suppose -i = i - 14. List the prime factors of t(i).
2
Suppose o + 4*w - 90 = 0, 414 = 3*o + o - 2*w. Let x = -7 + o. List the prime factors of x.
5, 19
Suppose -6*x + 9*x - 222 = 0. Let r = x - -137. List the prime factors of r.
211
List the prime factors of (-171*6)/(-6) + 9.
2, 3, 5
Let t = 544 + -202. Suppose -t = 4*c - 7*c. What are the prime factors of c?
2, 3, 19
Let y = 204 + -137. List the prime factors of (1 + y/(-5))*85/(-17).
2, 31
Let t(y) = -6*y - 29. Let h be t(-6). List the prime factors of 147 - (2 + 0 - h).
2, 19
Suppose 8*y - 3*y - 3*t = 21, 2 = -t. Suppose y*d = 811 - 217. What are the prime factors of d?
2, 3, 11
Let c(v) = 9*v + 85. Let f(t) = 8*t + 84. Let j(w) = -2*c(w) + 3*f(w). List the prime factors 